ousands digit of 55802363?
2
What is the millions digit of 177359929?
7
What is the tens digit of 9795018?
1
What is the hundred thousands digit of 13245159?
2
What is the ten thousands digit of 2650552694?
5
What is the ten millions digit of 95866819?
9
What is the units digit of 819730266?
6
What is the thousands digit of 46963538?
3
What is the millions digit of 1975264096?
5
What is the hundred millions digit of 114736822?
1
What is the units digit of 1477818395?
5
What is the ten millions digit of 79992396?
7
What is the units digit of 1037081858?
8
What is the thousands digit of 40605620?
5
What is the hundreds digit of 34510376?
3
What is the millions digit of 2180975938?
0
What is the ten thousands digit of 134077532?
7
What is the hundred millions digit of 847718757?
8
What is the hundred thousands digit of 4264899179?
8
What is the thousands digit of 99496129?
6
What is the tens digit of 323791447?
4
What is the ten millions digit of 407713291?
0
What is the ten thousands digit of 4811699826?
9
What is the hundred thousands digit of 2882197691?
1
What is the thousands digit of 1164317575?
7
What is the millions digit of 1115212843?
5
What is the millions digit of 256417738?
6
What is the hundreds digit of 32658276?
2
What is the tens digit of 523975650?
5
What is the units digit of 1017610361?
1
What is the ten millions digit of 47862851?
4
What is the tens digit of 62194478?
7
What is the thousands digit of 1059426987?
6
What is the units digit of 1712228075?
5
What is the hundred thousands digit of 4364988611?
9
What is the ten millions digit of 59699969?
5
What is the ten millions digit of 569611929?
6
What is the millions digit of 719401373?
9
What is the hundred thousands digit of 53347630?
3
What is the hundred millions digit of 4485060266?
4
What is the hundred millions digit of 1757256144?
7
What is the hundred thousands digit of 395267792?
2
What is the tens digit of 168046499?
9
What is the units digit of 4947074028?
8
What is the hundred thousands digit of 31968598?
9
What is the ten thousands digit of 61900898?
0
What is the tens digit of 1436047674?
7
What is the units digit of 62640218?
8
What is the tens digit of 5092902213?
1
What is the hundred thousands digit of 1376714561?
7
What is the hundred thousands digit of 2578402185?
4
What is the hundred millions digit of 1342005313?
3
What is the millions digit of 1674143375?
4
What is the ten thousands digit of 868746393?
4
What is the ten thousands digit of 162064696?
6
What is the tens digit of 281335048?
4
What is the units digit of 205823736?
6
What is the ten millions digit of 67926446?
6
What is the millions digit of 563489549?
3
What is the hundred thousands digit of 6114139538?
1
What is the hundred thousands digit of 145123265?
1
What is the units digit of 28596699?
9
What is the hundred millions digit of 296385964?
2
What is the ten thousands digit of 51540024?
4
What is the hundred millions digit of 3500034931?
5
What is the millions digit of 325190856?
5
What is the hundred thousands digit of 623155633?
1
What is the ten millions digit of 2226077138?
2
What is the units digit of 240348801?
1
What is the ten thousands digit of 3253711792?
1
What is the ten millions digit of 1322334424?
2
What is the millions digit of 7415040?
7
What is the thousands digit of 1775768435?
8
What is the millions digit of 164485602?
4
What is the ten thousands digit of 108059802?
5
What is the thousands digit of 387456238?
6
What is the millions digit of 26382583?
6
What is the tens digit of 1525715177?
7
What is the millions digit of 61939450?
1
What is the ten thousands digit of 43528611?
2
What is the ten thousands digit of 38723140?
2
What is the hundreds digit of 3798696?
6
What is the thousands digit of 191191103?
1
What is the tens digit of 79745967?
6
What is the hundreds digit of 25002933?
9
What is the hundred thousands digit of 94021853?
0
What is the tens digit of 52806668?
6
What is the hundreds digit of 245782706?
7
What is the units digit of 205607006?
6
What is the hundreds digit of 740276353?
3
What is the hundreds digit of 165167855?
8
What is the millions digit of 70575100?
0
What is the hundreds digit of 69784678?
6
What is the thousands digit of 1506950352?
0
What is the units digit of 1605491351?
1
What is the hundreds digit of 400752797?
7
What is the ten millions digit of 1800762247?
0
What is the thousands digit of 40934320?
4
What is the hundred thousands digit of 494330547?
3
What is the units digit of 297890823?
3
What is the ten thousands digit of 36981341?
8
What is the hundred thousands digit of 365651500?
6
What is the tens digit of 45874273?
7
What is the hundred thousands digit of 99829140?
8
What is the thousands digit of 332768940?
8
What is the hundreds digit of 1227143005?
0
What is the units digit of 65236001?
1
What is the hundred millions digit of 3780656893?
7
What is the ten thousands digit of 5805794166?
9
What is the tens digit of 116793273?
7
What is the units digit of 186720264?
4
What is the ten thousands digit of 714667512?
6
What is the ten thousands digit of 16348594?
4
What is the ten millions digit of 17454652?
1
What is the millions digit of 1844723318?
4
What is the hundred thousands digit of 67216590?
2
What is the hundreds digit of 18593940?
9
What is the units digit of 214111483?
3
What is the millions digit of 167487145?
7
What is the ten thousands digit of 48522946?
2
What is the hundreds digit of 153200216?
2
What is the tens digit of 493692520?
2
What is the thousands digit of 113803037?
3
What is the thousands digit of 348704280?
4
What is the millions digit of 1673073029?
3
What is the hundred millions digit of 592145605?
5
What is the units digit of 389644947?
7
What is the ten millions digit of 7003168276?
0
What is the units digit of 218667131?
1
What is the tens digit of 31515353?
5
What is the hundreds digit of 1434211179?
1
What is the units digit of 601321069?
9
What is the ten millions digit of 1491870531?
9
What is the hundred millions digit of 1974171720?
9
What is the hundred thousands digit of 12602902?
6
What is the billions digit of 1410728277?
1
What is the hundreds digit of 423793958?
9
What is the hundred millions digit of 1122360440?
1
What is the thousands digit of 43903813?
3
What is the billions digit of 4058206296?
4
What is the hundreds digit of 119403507?
5
What is the hundred millions digit of 978932620?
9
What is the hundred thousands digit of 1312467890?
4
What is the hundred thousands digit of 49074843?
0
What is the ten millions digit of 95792839?
9
What is the ten millions digit of 96072145?
9
What is the ten thousands digit of 57602439?
0
What is the millions digit of 23722217?
3
What is the tens digit of 485387687?
8
What is the hundred thousands digit of 983152161?
1
What is the millions digit of 5553100288?
3
What is the millions digit of 139571934?
9
What is the hundred millions digit of 1136538704?
1
What is the hundreds digit of 396993514?
5
What is the thousands digit of 702813797?
3
What is the tens digit of 3939550282?
8
What is the ten thousands digit of 51443363?
4
What is the millions digit of 14611792?
4
What is the hundreds digit of 422110011?
0
What is the ten millions digit of 229231047?
2
What is the units digit of 46607019?
9
What is the units digit of 120101800?
0
What is the millions digit of 546344212?
6
What is the ten thousands digit of 69957353?
5
What is the hundred millions digit of 246462134?
2
What is the millions digit of 61221804?
1
What is the hundred millions digit of 212399959?
2
What is the hundreds digit of 1594144614?
6
What is the hundred thousands digit of 47227370?
2
What is the hundred millions digit of 165412814?
1
What is the tens digit of 1723043358?
5
What is the ten millions digit of 55452617?
5
What is the hundreds digit of 349745771?
7
What is the ten thousands digit of 1700325548?
2
What is the thousands digit of 724177709?
7
What is the ten millions digit of 88282624?
8
What is the billions digit of 1817276527?
1
What is the tens digit of 140176764?
6
What is the thousands digit of 100286499?
6
What is the units digit of 1561197613?
3
What is the tens digit of 1459413394?
9
What is the tens digit of 2930392394?
9
What is the hundreds 